w**3 + 5*w**2 - 5*w. Give j(2).
-6
Let u(p) = -p - 12. What is u(-8)?
-4
Let z(r) = 56*r**3 - r**2 - 2*r - 2. Calculate z(-1).
-57
Let j(g) = 20*g + 77. Give j(-4).
-3
Let i(o) = -o**3 - 5*o**2 + 8*o + 1. What is i(-6)?
-11
Let d(w) = -w**2 + 7*w - 7. Give d(9).
-25
Let y(z) = z**2 - 55*z + 53. Give y(54).
-1
Let b(z) = -z**2 - 34*z - 77. Give b(-31).
16
Let l(h) = h**3 + 8*h**2 - 4*h - 43. What is l(-8)?
-11
Let t(m) = m - 47. What is t(0)?
-47
Let q(x) = -17*x - 64. Give q(-5).
21
Let q(z) = -z**3 + 8*z**2 - 3*z + 5. Give q(4).
57
Let a(w) = -19*w + 189. Calculate a(10).
-1
Let b(y) = 2*y**2 - 70*y - 9. Calculate b(35).
-9
Let j(d) = 20*d**3 + 3*d - 1. Give j(1).
22
Let x(c) = 2*c + 33. Calculate x(-11).
11
Let n(r) = 3*r**3 + 19*r**2 + 7*r - 3. Determine n(-6).
-9
Let u(n) = -90*n - 726. Calculate u(-8).
-6
Let s(k) = 7*k - 28. What is s(4)?
0
Let u(f) = -f**3 - 4*f**2 - f - 5. Calculate u(-4).
-1
Let c(v) = -6*v + 1. Calculate c(2).
-11
Let j(c) = c**2 + 16*c + 61. Give j(-8).
-3
Let d(k) = -166*k**3 + 2*k**2 + k. Calculate d(-1).
167
Let s(f) = -53*f + 744. Calculate s(14).
2
Let i(x) = -2*x**3 + 43*x**2 - 22*x + 25. Determine i(21).
4
Let j(d) = d**2 - 9*d - 2. What is j(5)?
-22
Let b(g) = -2*g - 30. What is b(-9)?
-12
Let d(i) = i**3 - 11*i**2 + 14*i - 33. Calculate d(9).
-69
Let j(n) = -5*n**2 + 3*n + 1. Calculate j(-2).
-25
Let z(q) = q - 61. Determine z(-33).
-94
Let z(k) = k**2 + 8*k - 6. What is z(-9)?
3
Let b(r) = r**3 - 21*r**2 - 23*r + 10. What is b(22)?
-12
Let h(o) = 9*o**2 + 99*o - 2. Determine h(-11).
-2
Let c(k) = -3*k + 8. Give c(14).
-34
Let i(a) = a - 3. Give i(-3).
-6
Let k(o) = o**2 - 40*o - 44. What is k(41)?
-3
Let o(i) = -i**3 - 9*i**2 - 3*i - 23. Calculate o(-9).
4
Let n(s) = -6*s + 1. Calculate n(-5).
31
Let r(l) = -l**3 + 8*l**2 - 3*l + 11. Calculate r(8).
-13
Let o(v) = -v**3 - 8*v**2 - 9*v - 1. Determine o(-7).
13
Let s(j) = 11*j + 2. What is s(-4)?
-42
Let o(b) = -b**3 + 11*b**2 - b + 19. What is o(11)?
8
Let z(m) = -m - 7. Give z(-7).
0
Let a(s) = 11*s - 33. What is a(6)?
33
Let d(q) = -q**3 - 7*q**2 - 17*q - 57. What is d(-6)?
9
Let l(k) = -k**3 - 19*k**2 + 42*k - 23. Give l(-21).
-23
Let c(d) = -d**3 + 10*d**2 - 2*d + 7. Determine c(10).
-13
Let t(m) = -m**2 + 9*m + 10. Calculate t(10).
0
Let x(a) = -2*a**2 + 21*a - 8. Determine x(10).
2
Let c(m) = -m**2 - 8*m - 10. Determine c(-4).
6
Let y(l) = l**3 - 3*l**2 + l + 1. What is y(2)?
-1
Let o(u) = u**3 + 13*u**2 - 11*u + 6. Calculate o(-14).
-36
Let d(l) = 2*l**3 + 14*l**2 - 34*l - 5. Give d(-9).
-23
Let m(g) = 6*g**2 + 4*g + 4. Determine m(-1).
6
Let d(h) = -5*h - 5. Calculate d(6).
-35
Let j(b) = 4*b + 24. Determine j(11).
68
Let v(a) = a**2 + 7. What is v(4)?
23
Let q(j) = 60*j + 33. Determine q(-3).
-147
Let z(u) = u + 4. Calculate z(-1).
3
Let i(z) = z**2 + 8*z + 6. Calculate i(-11).
39
Let p(d) = -5*d**2 - 2*d + 4. Determine p(2).
-20
Let x(v) = v + 6. What is x(-12)?
-6
Let p(d) = -d**3 + 4*d**2 + 6*d - 5. What is p(7)?
-110
Let n(w) = w + 4. What is n(-7)?
-3
Let x(z) = -2*z**2 - 2*z + 21. Give x(3).
-3
Let k(s) = -s**3 + 10*s**2 - 17*s + 3. Calculate k(8).
-5
Let c(v) = 3*v**2 - 3*v. Calculate c(2).
6
Let f(v) = v**3 - 8*v**2 + 8*v - 8. Calculate f(5).
-43
Let r(y) = 7*y + 19. Give r(-8).
-37
Let f(v) = -25*v**2 + 6*v + 2. Determine f(2).
-86
Let p(a) = -a**3 - 8*a**2 + 12*a - 8. What is p(-9)?
-35
Let x(n) = -2*n - 4. What is x(2)?
-8
Let m(u) = -2*u + 4. Determine m(0).
4
Let u(t) = t**3 - 14*t**2 + 6. Determine u(14).
6
Let n(g) = -g**2 - 10*g - 17. What is n(-7)?
4
Let v(f) = 2*f**2 - 9*f + 40. Determine v(5).
45
Let x(n) = 2*n - 21. What is x(15)?
9
Let c(w) = w**3 + 19*w**2 - 18*w + 24. Give c(-20).
-16
Let p(j) = 2*j - 72. Determine p(36).
0
Let n(m) = m**2 - 9*m - 7. Calculate n(5).
-27
Let o(b) = -b**3 - 6*b**2 + b - 4. Determine o(-6).
-10
Let v(m) = -3*m**3 - 2*m**2 + 2*m + 1. Give v(2).
-27
Let z(g) = 2*g**2 - 10*g + 4. Calculate z(4).
-4
Let g(t) = -t**3 + 9*t**2 - 10*t + 23. Give g(6).
71
Let h(f) = 2*f**2 - 2*f + 3. Determine h(-4).
43
Let z(u) = -6*u + 1. Calculate z(-16).
97
Let r(v) = -v**2 - 8*v. What is r(-8)?
0
Let c(z) = 2*z + 10. Give c(7).
24
Let f(j) = j**2 - 11*j + 10. What is f(10)?
0
Let d(s) = s**3 + 7*s**2 + 5*s + 26. What is d(-7)?
-9
Let g(v) = -9*v**2 - 108*v + 17. Determine g(-12).
17
Let w(z) = -z**2 - 13*z - 16. Give w(-13).
-16
Let o(v) = -16*v - 9. Give o(-3).
39
Let t(q) = q**3 - 24*q**2 - 24. Give t(24).
-24
Let c(q) = -q + 8. Determine c(14).
-6
Let i(k) = -k**3 + 7*k**2 - 8*k - 1. Determine i(6).
-13
Let b(s) = 8*s - 21. Determine b(4).
11
Let m(a) = a**2 - 7*a - 5. Determine m(5).
-15
Let l(j) = -26*j**3 - j**2 - j + 1. Determine l(1).
-27
Let n(w) = -10*w - 20. Determine n(0).
-20
Let u(o) = -o**3 + 24*o**2 - 25*o + 25. What is u(23)?
-21
Let p(n) = -n**3 + 7*n**2 - 13*n + 10. Determine p(5).
-5
Let q(l) = 9*l**2 + 2*l + 1. What is q(-1)?
8
Let f(i) = -i**2 - 19*i - 34. Determine f(-15).
26
Let r(s) = 2*s - 10. What is r(7)?
4
Let q(j) = j**3 - j**2 - 13*j - 3. Give q(4).
-7
Let a(s) = 6*s - 286. What is a(50)?
14
Let b(q) = q**2 + 4*q - 17. Determine b(11).
148
Let a(y) = y**2 + 9*y + 20. Determine a(-4).
0
Let t(j) = -5*j + 42. What is t(7)?
7
Let d(o) = -o**3 - 2*o**2 + 2*o + 9. Calculate d(-5).
74
Let u(y) = y**2 + 4*y + 5. Give u(-5).
10
Let j(y) = y**3 - 12*y**2 + 13*y - 5. Calculate j(11).
17
Let z(u) = -u + 3. Determine z(3).
0
Let r(q) = q**3 - 16*q**2 - 9*q + 139. What is r(16)?
-5
Let b(o) = -18*o**2 + 4*o + 1. What is b(-2)?
-79
Let b(w) = w**2 + 3*w - 5. Give b(0).
-5
Let m(u) = 2*u**2 - 22*u + 13. What is m(10)?
-7
Let u(m) = -m - 1. What is u(5)?
-6
Let y(b) = -3*b**3 - 49*b**2 - 15*b + 24. What is y(-16)?
8
Let d(g) = -20*g - 26. Calculate d(-6).
94
Let c(o) = -2*o + 4. What is c(0)?
4
Let z(y) = y - 4. Calculate z(4).
0
Let v(r) = -r + 1. What is v(14)?
-13
Let v(s) = -s**3 + 2*s**2 + s - 4. Give v(2).
-2
Let s(x) = -x**3 + 8*x**2 + 2*x - 15. Calculate s(8).
1
Let o(y) = -14*y - 80. Calculate o(-5).
-10
Let g(f) = -2*f - 2. Give g(-7).
12
Let d(z) = -8*z + 1. What is d(2)?
-15
Let o(a) = -5*a - 2. Calculate o(-3).
13
Let f(j) = -4*j**2 + 2*j + 1. Determine f(-2).
-19
Let l(b) = -b. Calculate l(-4).
4
Let k(j) = -j**2 + 17*j - 26. Calculate k(5).
34
Let v(s) = -s**3 + 3*s**2 + 3*s + 100. What is v(6)?
10
Let g(l) = 22*l + 91. Calculate g(-5).
-19
Let n(t) = 5*t**2 - 15*t - 4. Give n(5).
46
Let m(f) = f - 2. Calculate m(-6).
-8
Let w(f) = -2*f + 15. What is w(-7)?
29
Let u(v) = -10*v - 5. Calculate u(-4).
35
Let s(y) = y**3 - 8*y**2 + 12*y - 2. What is s(4)?
-18
Let t(r) = 4*r**3 - r**2 + 2*r + 2. Give t(-1).
-5
Let x(p) = 2*p**2 + 3*p + 2. What is x(-2)?
4
Let p(l) = 8*l + 9. Determine p(-4).
-23
Let a(l) = -4*l - 23. Determine a(5).
-43
Let w(a) = -29*a - 6. Calculate w(-2).
52
Let x(i) = 5*i**3 - i**2. Determine x(-1).
-6
Let a(f) = f**2 - 11*f + 1. What is a(9)?
-17
Let g(f) = 4*f + 112. Calculate g(-25).
12
Let c(w) = w**3 - 3*w**2 - 42*w + 15. Calculate c(8).
-1
Let o(t) = 5*t - 15. Give o(4).
5
Let t(k) = -k**3 - 5*k**2 + k - 1. Determine t(-5).
-6
Let d(l) = -l**2 + 25*l - 13. Calculate d(20).
87
Let h(g) = -g**2 + 15*g - 21. What is h(6)?
33
Let w(o) = o**3 + 10*o**2 + 14*o + 10. Give w(-8).
26
Let f(o) = o**2 + o - 10. Determine f(-3).
-4
Let l(b) = -b**3 + 19*b**2 - 25. Determine l(19).
-25
Let j(y) = -4*y - 36. Give j(-9).
0
Let j(z) = z + 37. Calculate j(-20).
17
Let m(y) = -9*y - 3. Give m(-7).
60
Let w(i) = -i**3 + 5*i**2 + 10*i - 9. Determine w(6).
15
Let v(y) = y**3 + 6*y**2 + 2*y - 3. Give v(-4).
21
Let n(j) = 4*j**3 + 5*j**2 - 2*j + 1. Determine n(-2).
-7
Let l(z) = 3*z + 62. Give l(-21).
-1
Let j(m) = m**3 - 11*m**2 - 40*m - 32. Determine j(14).
-4
Let t(u) = u**3 + 7*u**2 + u + 4. What is t(-5)?
49
Let b(g) = -49*g**3 - 3*g**2 - 2*g. Give b(-1).
48
Let h(n) = -n**3 - 11*n**2 + 16*n + 11. What is h(-12)?
-37
Let j(b) = -5*b + 2. What is j(-6)?
32
Let d(z) = -z**3 + 11*z**2 - 6*z + 60. What is d(11)?
-6
Let h(j) = -6*j - 28. Calculate h(-5).
2
Let f(l) = -l**3 + 2*l**2 - 2*l + 6. Give f(3).
-9
Let n(w) = 35*w - 4. What is n(1)?
31
Let w(p) = 7*p - 175. Give w(24).
-7
Let g(q) = -q**2 - 2*q + 12. What is g(-5)?
-3
Let o(g) = 2*g - 2. Give o(6).
10
Let y(j) = -j**3 + 11*